/12 - (-2)/12. Let t(j) = -j + 1. Calculate the remainder when (-2 + 1)/(c/(-9)) is divided by t(-3).
1
Let v = -88 + 85. What is the remainder when v + (-3)/(2/(372/(-9))) is divided by 10?
9
What is the remainder when (-2 + 0)/20 + 714/140 is divided by 2/5*(-1 - -6)?
1
Suppose 4*p - 10 = -5*c, -3 = -2*p + 2*c - 7. Suppose p = -l + 13. Calculate the remainder when 23*(2 + -2 + 1) is divided by l.
10
Let u = 15 - 15. Suppose u = 2*l + l - 30. Calculate the remainder when 29 is divided by l.
9
Let s = 78 - 53. Let x be 2/(-2) - 0/7. Let p = 8 - x. Calculate the remainder when s is divided by p.
7
Let a = -252 + 293. Let l = 57 + -48. Calculate the remainder when a is divided by l.
5
Calculate the remainder when (-29208)/(-228) - 11/(627/6) is divided by 82.
46
Suppose 5*l + 4 + 6 = 0, -c - 5*l = -8. Let t be (-27)/12*(0 - -16). Let i = t + 88. What is the remainder when i is divided by c?
16
Let z = 2576 + -2560. Calculate the remainder when 974 is divided by z.
14
Let m = 137 - 131. Let p = 81 + -34. What is the remainder when p is divided by m?
5
Let h(b) = 4*b - 2. Let s be h(4). Let p be s - 3/(0 - -3). Let n = 1 + p. Calculate the remainder when 25 is divided by n.
11
Let t(i) = -4*i + 24. Let k be t(6). Suppose k = 4*z - s - 16 - 42, -26 = -2*z - s. What is the remainder when z is divided by 5?
4
What is the remainder when 1664 is divided by 1*16 + (-6 - (-50)/10)?
14
Suppose t = -0*t + 50. Suppose -33 = -p + 2*i, 0 = -5*p + 3*i - i + 141. Calculate the remainder when t is divided by p.
23
Let o = 166 + -139. What is the remainder when 43 is divided by o?
16
Let h(o) = 2*o**3 + 19*o**2 - 15*o - 5. Suppose -3*t - 4*n - 20 = -t, -20 = 2*t + 5*n. Calculate the remainder when 179 is divided by h(t).
44
Suppose -2*v + v = -5*n + 60, 4*n - 2*v - 54 = 0. Suppose 168 = 9*s - s. What is the remainder when s is divided by n?
10
Let h = 18 - 14. Suppose -3 = -h*p + 185. Calculate the remainder when p is divided by 25.
22
Suppose -17 = 4*i + 5*q, 0 = -3*i + 4*q + 3 + 23. Let x be (201 - i)/(-4 + 3). What is the remainder when (-42)/28 + x/(-2) is divided by 20?
18
Let r = 54 - 18. Suppose 136 = 2*x - 3*f, 85 = 2*x + 4*f - 65. What is the remainder when x is divided by r?
35
Let r = 437 + -415. Suppose -2*u - 24 = -198. What is the remainder when u is divided by r?
21
Suppose 8*g - 7*g - 3 = 0. Let b be (162 - g)/((-6)/(-4)). Suppose b = 2*j + 3*p, -j - 4*p + 5 = -48. What is the remainder when j is divided by 14?
11
Let s(v) = -v**2 + 37*v + 205. Calculate the remainder when s(41) is divided by 8.
1
Suppose 2204 - 224 = 30*r - 3270. Calculate the remainder when r is divided by (-6)/(2 + 47/(-22)).
43
Suppose -4*o = -4*h + 100, 97 = 4*h + 4*o + 5. Let s be (12/h)/((-2)/(-144)). Suppose k - 4*k + s = 0. What is the remainder when k is divided by 4?
0
Suppose 5*y + 3*d - 50 = -2*d, y + 3*d = 16. Let b(g) = g**2 - 11. Calculate the remainder when y is divided by b(4).
2
Suppose 0 = -5*v - 3*v + 216. Suppose 3*h = -9, -16*x + 11*x - 4*h = -208. Calculate the remainder when x is divided by v.
17
Suppose 16*c - 20*c - 136 = 0. Let d = 69 + c. Let b = -2 - -11. Calculate the remainder when d is divided by b.
8
Let t(b) = 17*b - 343. What is the remainder when 139 is divided by t(23)?
43
Let u = -1855 + 1312. Let v be u/(-12) + (-4)/16. Suppose 2*m + 17 = 3*m - 3*n, -3*m + 3*n + v = 0. What is the remainder when 25 is divided by m?
11
Let g be 56/16*16/14. Suppose -5*b = -g*b - j - 7, -4*j = 4. What is the remainder when 11 is divided by b?
5
Suppose 212 = 4*b - 0*b. Let a(q) be the first derivative of -q**4/4 + 27*q + 3. Calculate the remainder when b is divided by a(0).
26
Let t(a) = -a**3 - 5*a**2 + 2. Let q be t(-5). Suppose 2 + 4 = -2*u, q*u + 194 = 2*y. What is the remainder when y is divided by 50?
44
Let z = -21 + 24. Suppose -4*b - z*f = -183, 3*f = 5*b - 0*b - 195. Calculate the remainder when 207 is divided by b.
39
Let u = -183 + 225. Let h be (-3)/4 - 2/8. What is the remainder when u is divided by h/4 - (-183)/12?
12
Suppose 3*o - 745 = -676. Let q = 38 - 4. Let c = 33 + q. What is the remainder when c is divided by o?
21
Let f be (-28)/(-2) - -1 - 2. Suppose f = 5*n + 3. Suppose 3*s - 3*d - 44 = n*d, -2*s + 8 = 2*d. Calculate the remainder when 13 is divided by s.
5
Suppose -1014*s - 88 = -1022*s. Calculate the remainder when 37 is divided by s.
4
Let x(u) = -5*u**3 + 61*u**2 + u - 120. Let b(t) = -t**3 + 12*t**2 - 24. Let y(h) = -11*b(h) + 2*x(h). What is the remainder when y(10) is divided by 15?
14
Let m = -8 - -13. Let w be (-2 + -12)/(-4 + m). Let g(f) = -f - 4. What is the remainder when 37 is divided by g(w)?
7
Suppose -4*p = 3*t - 19, -p - 3*p = -4. Suppose -2*d + 83 = 3*l, t*l - 75 = -d + 75. What is the remainder when 92 is divided by l?
30
Let b = 23 - 14. Let c = -56 + 58. Suppose c*k + 5*g - 9 = 0, g + 6 = 3*k + 1. What is the remainder when b is divided by k?
1
Let w be 2/(-12) - 4450/(-60). Let x = -64 + w. Calculate the remainder when x is divided by 3.
1
Let y = -180 - -98. What is the remainder when 58 is divided by y/(-4) - ((-1)/(-2) + 0)?
18
Let f = -33 - -19. What is the remainder when 33 is divided by f/6*(3 + -3 + -3)?
5
Suppose 39 = 10*f - 51. Let d(t) be the first derivative of 3*t**4/2 + t**2/2 - t + 2. Calculate the remainder when f is divided by d(1).
3
Suppose -383*s + 384*s = 18. Calculate the remainder when 69 is divided by s.
15
Let z be ((-18)/12)/((-4)/((-16)/(-3))). Suppose 3*c - 17 = -z*h, 4*c + 3*h = -2*h + 11. Calculate the remainder when 25 is divided by c.
7
Let s = -4 - -12. Let j(m) be the second derivative of -m**5/4 - m**4/4 + m**2 - 6*m. Calculate the remainder when j(-2) is divided by s.
6
Let d be -269*(2 + (-2 - 15)). Let t be d/(-60) + 1/4. Let h = -24 - t. What is the remainder when h is divided by 15?
13
Suppose -4*t + 10 = -2*u, 0*u = 3*t - 4*u - 20. Suppose t = 2*o - 10 - 10. Calculate the remainder when 36 is divided by o.
6
Let w(t) = t**3 + 12*t**2 - 4*t - 11. Suppose -2*n - 5*v = -159, n = 5*v + 26 + 16. Calculate the remainder when n is divided by w(-12).
30
Suppose h - 5 = -4*x + 7, -14 = -h - 3*x. Let c(q) = 4 - 7*q + 0 + 9*q + 3*q**3 - 4*q. What is the remainder when c(3) is divided by h?
19
Suppose 3*z = -0*s - 2*s + 112, z - 104 = -2*s. What is the remainder when 5/(s/762) - 2/10 is divided by 7?
6
Let z(k) be the third derivative of -k**6/120 - 3*k**5/20 - 7*k**4/24 + 3*k**3 - k**2 + 4. What is the remainder when 44 is divided by z(-8)?
4
Let k = -167 - -244. What is the remainder when k is divided by 41?
36
Let j = 212 - 142. Calculate the remainder when j is divided by (-2040)/(-96) + 4 - (-1)/(-4).
20
Let i(f) = f**2 - 14*f + 1. Let s be i(15). Suppose w = -c + 16, 0*c = c - w - s. What is the remainder when 27 is divided by c?
11
Let y(b) = 26*b**2 - 13*b**2 - 9*b - 7 - 14*b**2. Suppose 5*o + 7 = 62. Calculate the remainder when o is divided by y(-7).
4
Let d = -2 + 7. Suppose 4*c + 27 = w, 8 = 2*w - d*c - 31. What is the remainder when 8 is divided by w?
1
Suppose 764 + 211 = 15*w. Let a(z) = z**3 + 6*z**2 - 8*z - 3. Let g be a(-7). Suppose -g*u = -2 - 66. What is the remainder when w is divided by u?
14
Suppose 0 = l + 4*g - 109, -15*l = -19*l - 4*g + 484. Calculate the remainder when l is divided by 27.
17
Let z = 1039 - 1018. What is the remainder when 797 is divided by z?
20
Suppose -5*x = -j - 4*j + 1015, -2*x - 8 = 0. What is the remainder when j is divided by 25?
24
Let y(n) = -44*n + 19. Calculate the remainder when 84 is divided by y(0).
8
Suppose -2*k + 105 - 55 = 0. What is the remainder when 89 is divided by k?
14
Suppose 2*y - 2 = 3*f, -3*f + 5 = -y - 0*f. Suppose -3*x - 6 = -3*o, -24*x + 21*x + 6 = -o. Calculate the remainder when y is divided by o.
1
Let c be 3 - (22/(-18) + (-4)/(-18)). Suppose 0 = -5*i - 2*x - 0*x + 169, -x + 137 = c*i. Calculate the remainder when 103 is divided by i.
33
Let g = -325 - -184. Let l = 200 - 283. Let w = l - g. Calculate the remainder when w is divided by 20.
18
Let c = 857 + -727. What is the remainder when c is divided by 33?
31
Let u(q) = q + 19. Let t be 0 + 1 - (10 - -8). Let c be u(t). Let w = 9 + c. What is the remainder when w is divided by 4?
3
Suppose 2*d + 107 = 5*r - 2*d, 3*r - 63 = 2*d. Calculate the remainde